{"id":138,"date":"2024-06-26T11:16:34","date_gmt":"2024-06-26T09:16:34","guid":{"rendered":"https:\/\/nynashamnvaxer.nu\/?page_id=138"},"modified":"2024-06-26T11:24:58","modified_gmt":"2024-06-26T09:24:58","slug":"allt-fler-upptacker-nynashamns-unika-fordelar","status":"publish","type":"page","link":"https:\/\/nynashamnvaxer.nu\/index.php\/allt-fler-upptacker-nynashamns-unika-fordelar\/","title":{"rendered":"\u201dAllt fler uppt\u00e4cker Nyn\u00e4shamns unika f\u00f6rdelar\u201d"},"content":{"rendered":"\t\t<div data-elementor-type=\"wp-page\" data-elementor-id=\"138\" class=\"elementor elementor-138\" data-elementor-post-type=\"page\">\n\t\t\t\t\t\t<section class=\"elementor-section elementor-top-section elementor-element elementor-element-2a591046 elementor-section-boxed elementor-section-height-default elementor-section-height-default\" data-id=\"2a591046\" data-element_type=\"section\">\n\t\t\t\t\t\t<div class=\"elementor-container elementor-column-gap-no\">\n\t\t\t\t\t<div class=\"elementor-column elementor-col-100 elementor-top-column elementor-element elementor-element-3d2be979\" data-id=\"3d2be979\" data-element_type=\"column\">\n\t\t\t<div class=\"elementor-widget-wrap elementor-element-populated\">\n\t\t\t\t\t\t<div class=\"elementor-element elementor-element-729177e2 elementor-widget elementor-widget-image\" data-id=\"729177e2\" data-element_type=\"widget\" data-widget_type=\"image.default\">\n\t\t\t\t<div class=\"elementor-widget-container\">\n\t\t\t\t\t\t\t\t\t\t\t\t\t<img fetchpriority=\"high\" decoding=\"async\" width=\"2080\" height=\"1386\" src=\"https:\/\/nynashamnvaxer.nu\/wp-content\/uploads\/2024\/06\/fiskehamnen.webp\" class=\"attachment-full size-full wp-image-88\" alt=\"\" srcset=\"https:\/\/nynashamnvaxer.nu\/wp-content\/uploads\/2024\/06\/fiskehamnen.webp 2080w, https:\/\/nynashamnvaxer.nu\/wp-content\/uploads\/2024\/06\/fiskehamnen-300x200.webp 300w, https:\/\/nynashamnvaxer.nu\/wp-content\/uploads\/2024\/06\/fiskehamnen-1024x682.webp 1024w, https:\/\/nynashamnvaxer.nu\/wp-content\/uploads\/2024\/06\/fiskehamnen-768x512.webp 768w, https:\/\/nynashamnvaxer.nu\/wp-content\/uploads\/2024\/06\/fiskehamnen-1536x1024.webp 1536w, https:\/\/nynashamnvaxer.nu\/wp-content\/uploads\/2024\/06\/fiskehamnen-2048x1365.webp 2048w\" sizes=\"(max-width: 2080px) 100vw, 2080px\" \/>\t\t\t\t\t\t\t\t\t\t\t\t\t<\/div>\n\t\t\t\t<\/div>\n\t\t\t\t\t<\/div>\n\t\t<\/div>\n\t\t\t\t\t<\/div>\n\t\t<\/section>\n\t\t\t\t<section class=\"elementor-section elementor-top-section elementor-element elementor-element-6564624 elementor-section-boxed elementor-section-height-default elementor-section-height-default\" data-id=\"6564624\" data-element_type=\"section\">\n\t\t\t\t\t\t<div class=\"elementor-container elementor-column-gap-no\">\n\t\t\t\t\t<div class=\"elementor-column elementor-col-100 elementor-top-column elementor-element elementor-element-3ad3b819\" data-id=\"3ad3b819\" data-element_type=\"column\">\n\t\t\t<div class=\"elementor-widget-wrap elementor-element-populated\">\n\t\t\t\t\t\t<div class=\"elementor-element elementor-element-658f1e14 elementor-widget elementor-widget-heading\" data-id=\"658f1e14\" data-element_type=\"widget\" data-widget_type=\"heading.default\">\n\t\t\t\t<div class=\"elementor-widget-container\">\n\t\t\t<h1 class=\"elementor-heading-title elementor-size-default\">\u201dAllt fler uppt\u00e4cker Nyn\u00e4shamns unika f\u00f6rdelar\u201d<\/h1>\t\t<\/div>\n\t\t\t\t<\/div>\n\t\t\t\t\t<\/div>\n\t\t<\/div>\n\t\t\t\t\t<\/div>\n\t\t<\/section>\n\t\t\t\t<section class=\"elementor-section elementor-top-section elementor-element elementor-element-9f88d49 elementor-section-boxed elementor-section-height-default elementor-section-height-default\" data-id=\"9f88d49\" data-element_type=\"section\">\n\t\t\t\t\t\t<div class=\"elementor-container elementor-column-gap-no\">\n\t\t\t\t\t<div class=\"elementor-column elementor-col-100 elementor-top-column elementor-element elementor-element-5d33e083\" data-id=\"5d33e083\" data-element_type=\"column\">\n\t\t\t<div class=\"elementor-widget-wrap elementor-element-populated\">\n\t\t\t\t\t\t<div class=\"elementor-element elementor-element-30b557a3 elementor-widget elementor-widget-text-editor\" data-id=\"30b557a3\" data-element_type=\"widget\" data-widget_type=\"text-editor.default\">\n\t\t\t\t<div class=\"elementor-widget-container\">\n\t\t\t\t\t\t\t<p>I Nyn\u00e4shamns kommun finns fantastiska m\u00f6jligheter. Kommunen har ett utm\u00e4rkt geografiskt l\u00e4ge med n\u00e4rhet till natur, hav och Stockholms innerstad och \u00e4r p\u00e5 god v\u00e4g att bli ostkustens fr\u00e4msta hamnkommun. Det \u00e4r full fart i kommunen. I K\u00e4ll\u00adberga byggs ett helt nytt bostads\u00adomr\u00e5de och lagom till skolstarten i augusti \u00f6ppnar en ny skola. I \u00d6smo planeras f\u00f6r s\u00e5v\u00e4l nya bost\u00e4der som skolor och i Nyn\u00e4shamns stad byggs i b\u00e5de centrum och Telegrafen\u00adomr\u00e5det. Allt fler attraheras av den naturn\u00e4ra kommunen vilket gynnar n\u00e4ringsliv, kommunal service och tillv\u00e4xt.<\/p>\t\t\t\t\t\t<\/div>\n\t\t\t\t<\/div>\n\t\t\t\t<div class=\"elementor-element elementor-element-1976ff5c elementor-drop-cap-yes elementor-drop-cap-view-default elementor-widget elementor-widget-text-editor\" data-id=\"1976ff5c\" data-element_type=\"widget\" data-settings=\"{&quot;drop_cap&quot;:&quot;yes&quot;}\" data-widget_type=\"text-editor.default\">\n\t\t\t\t<div class=\"elementor-widget-container\">\n\t\t\t\t\t\t\t<p>B<strong><i>ostadsbyggandet har bromsat in i \u00f6vriga l\u00e4net, men i Nyn\u00e4shamns kommun verkar det byggas mycket?<br \/><\/i><\/strong>\u2013 Ja, det \u00e4r mycket sp\u00e4nnande p\u00e5 g\u00e5ng i Nyn\u00e4shamns kommun just nu. Vi h\u00e5ller p\u00e5 att ta oss ur det gamla industrisamh\u00e4llet och bli n\u00e5got annat, en attraktiv dynamisk sm\u00e5stadskommun med h\u00e4rlig natur som lockar s\u00e5v\u00e4l f\u00f6retag som privatpersoner att flytta hit. Och f\u00f6r att lyckas med det beh\u00f6ver vi v\u00e5ga satsa och v\u00e4xa, s\u00e4ger Marcus Svinhufvud (M), kommunstyrelsens ordf\u00f6rande i Nyn\u00e4shamn.<\/p><p class=\"p1\"><strong><i>Vad \u00e4r det som lockar m\u00e4nniskor att flytta till Nyn\u00e4shamn?<br \/><\/i><\/strong>\u2013 V\u00e5r natur och landsbygd rent generellt. Att f\u00e5 m\u00f6jlighet att bo och verka i en liten trygg sm\u00e5stad eller ute p\u00e5 landet bara en halvtimme fr\u00e5n Stockholm. Att ha tillg\u00e5ng till det b\u00e4sta av tv\u00e5 v\u00e4rldar. Ha livskvalitet. N\u00e4r vi fr\u00e5gar Nyn\u00e4shamnsborna om det b\u00e4sta med hemorten \u00e4r det ofta det som kommer upp f\u00f6rst.<\/p><p class=\"p4\"><span class=\"s1\"><b>De n\u00e4rmaste tio \u00e5ren <\/b><\/span>kommer det att byggas hundratals nya bost\u00e4der runt om i kommunen. B\u00e5de i \u00d6smo och Nyn\u00e4shamns t\u00e4tort men \u00e4ven i andra delar av kommunen.<\/p><p class=\"p1\"><strong><i>Vad f\u00e5r nuvarande Nyn\u00e4shamnsbor ut av satsningen p\u00e5 inflyttning och nya bost\u00e4der?<br \/><\/i><\/strong><span class=\"s2\">\u2013 M\u00e5nga saker. Ett st\u00f6rre skatteunderlag ger m\u00f6jlighet att satsa vidare p\u00e5 kommunal service, skola och \u00e4ldreomsorg. Det blir st\u00f6rre ruljangs p\u00e5 bostadsmarknaden och fler olika typer av bost\u00e4der att v\u00e4lja p\u00e5. Och ett st\u00f6rre kundunderlag f\u00f6r aff\u00e4rer, restauranger och kaf\u00e9er som gynnar alla.<\/span><\/p><p class=\"p1\"><strong><i>Du n\u00e4mnde \u00e4ldreomsorg, vad h\u00e4nder inom det omr\u00e5det de n\u00e4rmaste \u00e5ren?<br \/><\/i><\/strong>\u2013 Vi bygger ut den. Inne i Nyn\u00e4shamn uppf\u00f6rs nu det f\u00f6rsta nya \u00e4ldreboendet p\u00e5 m\u00e5nga decennier. Det \u00e4r en frist\u00e5ende verksamhet. Vi planerar ocks\u00e5 f\u00f6r ytter\u00adligare ett \u00e4ldreboende och \u00e4ven korttidsplatser p\u00e5 hemmaplan. I dag hyr vi s\u00e5dana platser i andra kommuner men det \u00e4r ju b\u00e4ttre att f\u00e5 bo hemma, n\u00e4ra sina anh\u00f6riga.<\/p><p class=\"p1\"><strong><i>Trenden i Stockholms l\u00e4n \u00e4r att ungdomar s\u00f6ker sig till gymnasier i andra kommuner, hur ser det ut i Nyn\u00e4shamn?<br \/><\/i><\/strong><span class=\"s2\">\u2013 I \u00e5r har utvecklingen faktiskt v\u00e4nt. Allt fler elever har Nyn\u00e4shamns Gymna\u00adsium som f\u00f6rsta val. Och att vissa vill s\u00f6ka sig utanf\u00f6r kommunen \u00e4r ju heller inget negativt i sig, tv\u00e4rtom \u00e4r det ju en tillg\u00e5ng f\u00f6r v\u00e5ra ungdomar att ha ett stort utbud av skolor med olika inriktningar p\u00e5 relativt n\u00e4ra h\u00e5ll i Stockholmsregionen.<\/span><\/p><p class=\"p1\"><strong><i>Du l\u00e4mnade sj\u00e4lv Nyn\u00e4shamn efter gymnasiet?<br \/><\/i><\/strong><span class=\"s2\">\u2013 Ja, f\u00f6r att studera bland annat historia, demografi och marknadsf\u00f6ring. S\u00e5 fick min fru och jag barn, vi ville ha ett st\u00f6rre hus till b\u00e4ttre pris, att barnen skulle ha n\u00e4ra till fritidsaktiviteter, natur, ja, en lite lugnare, tryggare och bekv\u00e4mare tillvaro helt enkelt. Dessutom \u00e4r jag ju uppvuxen h\u00e4r, sl\u00e4kten p\u00e5 mammas sida har faktiskt bott h\u00e4r \u00e4nda sedan 1500-talet.<\/span><\/p>\t\t\t\t\t\t<\/div>\n\t\t\t\t<\/div>\n\t\t\t\t<div class=\"elementor-element elementor-element-70ee952a elementor-widget elementor-widget-text-editor\" data-id=\"70ee952a\" data-element_type=\"widget\" data-widget_type=\"text-editor.default\">\n\t\t\t\t<div class=\"elementor-widget-container\">\n\t\t\t\t\t\t\t<p>Text: Magnus Nilsson<br \/>Foto: Johan Gustafsson<\/p>\t\t\t\t\t\t<\/div>\n\t\t\t\t<\/div>\n\t\t\t\t\t<\/div>\n\t\t<\/div>\n\t\t\t\t\t<\/div>\n\t\t<\/section>\n\t\t\t\t<section class=\"elementor-section elementor-top-section elementor-element elementor-element-531a4898 elementor-section-boxed elementor-section-height-default elementor-section-height-default\" data-id=\"531a4898\" data-element_type=\"section\">\n\t\t\t\t\t\t<div class=\"elementor-container elementor-column-gap-no\">\n\t\t\t\t\t<div class=\"elementor-column elementor-col-100 elementor-top-column elementor-element elementor-element-42cfdb2c\" data-id=\"42cfdb2c\" data-element_type=\"column\">\n\t\t\t<div class=\"elementor-widget-wrap elementor-element-populated\">\n\t\t\t\t\t\t<div class=\"elementor-element elementor-element-3689babf elementor-widget elementor-widget-image\" data-id=\"3689babf\" data-element_type=\"widget\" data-widget_type=\"image.default\">\n\t\t\t\t<div class=\"elementor-widget-container\">\n\t\t\t\t\t\t\t\t\t\t\t\t\t<img decoding=\"async\" width=\"2080\" height=\"1386\" src=\"https:\/\/nynashamnvaxer.nu\/wp-content\/uploads\/2024\/06\/marcus-svinhufvud.webp\" class=\"attachment-full size-full wp-image-102\" alt=\"\" srcset=\"https:\/\/nynashamnvaxer.nu\/wp-content\/uploads\/2024\/06\/marcus-svinhufvud.webp 2080w, https:\/\/nynashamnvaxer.nu\/wp-content\/uploads\/2024\/06\/marcus-svinhufvud-300x200.webp 300w, https:\/\/nynashamnvaxer.nu\/wp-content\/uploads\/2024\/06\/marcus-svinhufvud-1024x682.webp 1024w, https:\/\/nynashamnvaxer.nu\/wp-content\/uploads\/2024\/06\/marcus-svinhufvud-768x512.webp 768w, https:\/\/nynashamnvaxer.nu\/wp-content\/uploads\/2024\/06\/marcus-svinhufvud-1536x1024.webp 1536w, https:\/\/nynashamnvaxer.nu\/wp-content\/uploads\/2024\/06\/marcus-svinhufvud-2048x1365.webp 2048w\" sizes=\"(max-width: 2080px) 100vw, 2080px\" \/>\t\t\t\t\t\t\t\t\t\t\t\t\t<\/div>\n\t\t\t\t<\/div>\n\t\t\t\t<div class=\"elementor-element elementor-element-3b204c2f elementor-widget elementor-widget-text-editor\" data-id=\"3b204c2f\" data-element_type=\"widget\" data-widget_type=\"text-editor.default\">\n\t\t\t\t<div class=\"elementor-widget-container\">\n\t\t\t\t\t\t\t<p>Marcus Svinhufvud (M), Kommunstyrelsens ordf\u00f6rande.<\/p>\t\t\t\t\t\t<\/div>\n\t\t\t\t<\/div>\n\t\t\t\t\t<\/div>\n\t\t<\/div>\n\t\t\t\t\t<\/div>\n\t\t<\/section>\n\t\t\t\t<section class=\"elementor-section elementor-top-section elementor-element elementor-element-4d6532ce elementor-section-boxed elementor-section-height-default elementor-section-height-default\" data-id=\"4d6532ce\" data-element_type=\"section\" data-settings=\"{&quot;background_background&quot;:&quot;classic&quot;}\">\n\t\t\t\t\t\t<div class=\"elementor-container elementor-column-gap-no\">\n\t\t\t\t\t<div class=\"elementor-column elementor-col-100 elementor-top-column elementor-element elementor-element-707cca71\" data-id=\"707cca71\" data-element_type=\"column\" data-settings=\"{&quot;background_background&quot;:&quot;classic&quot;}\">\n\t\t\t<div class=\"elementor-widget-wrap elementor-element-populated\">\n\t\t\t\t\t\t<div class=\"elementor-element elementor-element-3054f34e elementor-widget elementor-widget-heading\" data-id=\"3054f34e\" data-element_type=\"widget\" data-widget_type=\"heading.default\">\n\t\t\t\t<div class=\"elementor-widget-container\">\n\t\t\t<h3 class=\"elementor-heading-title elementor-size-default\">Fakta om Nyn\u00e4shamns kommun<\/h3>\t\t<\/div>\n\t\t\t\t<\/div>\n\t\t\t\t<div class=\"elementor-element elementor-element-53ca4025 elementor-widget elementor-widget-text-editor\" data-id=\"53ca4025\" data-element_type=\"widget\" data-widget_type=\"text-editor.default\">\n\t\t\t\t<div class=\"elementor-widget-container\">\n\t\t\t\t\t\t\t<p class=\"p1\"><span class=\"s1\"><b>Antal inv\u00e5nare: <\/b><\/span>30 311 inv\u00e5nare<i>\u00b9<br \/><\/i><span class=\"s1\"><b>Yta: <\/b><\/span>1 301 km\u00b2<br \/><b>Antal \u00f6ar: <\/b><span class=\"s2\">1 553<br \/><\/span><b>Medel\u00e5lder: <\/b><span class=\"s2\">42,7 \u00e5r<br \/><\/span><span class=\"s1\"><b>Medelpris villor: <\/b><\/span>4,1 miljoner kronor<i>\u00b2<br \/><\/i><b>Medelpris bostadsr\u00e4tter: <\/b><span class=\"s2\">2,1 miljoner kronor<i>\u00b2<br \/><\/i><\/span><span class=\"s1\"><b>T\u00e4torter: <\/b><\/span>Nyn\u00e4shamn, \u00d6smo, Sunnerby-Sp\u00e5ngbro, Segers\u00e4ng, Stora Vika, Gr\u00f6dby, Landfj\u00e4rden och Lidatorp.<\/p><p class=\"p3\"><i>\u00b9 SCB 2023 <span class=\"Apple-converted-space\">\u00a0 <\/span>\u00b2 K\u00e4lla: M\u00e4klarstatistik<\/i><\/p>\t\t\t\t\t\t<\/div>\n\t\t\t\t<\/div>\n\t\t\t\t\t<\/div>\n\t\t<\/div>\n\t\t\t\t\t<\/div>\n\t\t<\/section>\n\t\t\t\t<section class=\"elementor-section elementor-top-section elementor-element elementor-element-1c29ea8 elementor-section-boxed elementor-section-height-default elementor-section-height-default\" data-id=\"1c29ea8\" data-element_type=\"section\" data-settings=\"{&quot;background_background&quot;:&quot;classic&quot;}\">\n\t\t\t\t\t\t<div class=\"elementor-container elementor-column-gap-no\">\n\t\t\t\t\t<div class=\"elementor-column elementor-col-100 elementor-top-column elementor-element elementor-element-94c1cd1\" data-id=\"94c1cd1\" data-element_type=\"column\" data-settings=\"{&quot;background_background&quot;:&quot;classic&quot;}\">\n\t\t\t<div class=\"elementor-widget-wrap elementor-element-populated\">\n\t\t\t\t\t\t<div class=\"elementor-element elementor-element-649d0fd elementor-widget elementor-widget-heading\" data-id=\"649d0fd\" data-element_type=\"widget\" data-widget_type=\"heading.default\">\n\t\t\t\t<div class=\"elementor-widget-container\">\n\t\t\t<h3 class=\"elementor-heading-title elementor-size-default\">Marcus tipsar om 4 smultronst\u00e4llen i Nyn\u00e4shamn<\/h3>\t\t<\/div>\n\t\t\t\t<\/div>\n\t\t\t\t<div class=\"elementor-element elementor-element-b3b2888 elementor-widget elementor-widget-text-editor\" data-id=\"b3b2888\" data-element_type=\"widget\" data-widget_type=\"text-editor.default\">\n\t\t\t\t<div class=\"elementor-widget-container\">\n\t\t\t\t\t\t\t<p class=\"p1\"><span class=\"s1\"><b>\u2022 Kvarn\u00e4ngens idrottsplats: <\/b><\/span>\u201dH\u00e4r tr\u00e4nar jag yngsta dottern i fotboll.\u201d<\/p><p class=\"p1\"><span class=\"s1\"><b>\u2022 Strandv\u00e4gen: <\/b><\/span>\u201dSv\u00e5rslagen utsikt, \u00f6ppen havshorisont rakt ut.\u201d<\/p><p class=\"p1\"><span class=\"s1\"><b>\u2022 Tor\u00f6 stenstrand: <\/b><\/span>\u201dMakal\u00f6s natur, och kul att se p\u00e5 surfarna.\u201d<\/p><p class=\"p1\"><span class=\"s1\"><b>\u2022 Svampskogen: <\/b><\/span>\u201dHar flera bra svampst\u00e4llen i skogarna i Sorunda.\u201d<\/p>\t\t\t\t\t\t<\/div>\n\t\t\t\t<\/div>\n\t\t\t\t\t<\/div>\n\t\t<\/div>\n\t\t\t\t\t<\/div>\n\t\t<\/section>\n\t\t\t\t<section class=\"elementor-section elementor-top-section elementor-element elementor-element-55c7e661 elementor-section-boxed elementor-section-height-default elementor-section-height-default\" data-id=\"55c7e661\" data-element_type=\"section\">\n\t\t\t\t\t\t<div class=\"elementor-container elementor-column-gap-no\">\n\t\t\t\t\t<div class=\"elementor-column elementor-col-100 elementor-top-column elementor-element elementor-element-bb0fd52\" data-id=\"bb0fd52\" data-element_type=\"column\">\n\t\t\t<div class=\"elementor-widget-wrap elementor-element-populated\">\n\t\t\t\t\t\t<div class=\"elementor-element elementor-element-65166a6e elementor-share-buttons--view-icon elementor-share-buttons--skin-minimal elementor-share-buttons--shape-circle elementor-share-buttons--align-center elementor-share-buttons--color-custom elementor-grid-0 elementor-widget elementor-widget-share-buttons\" data-id=\"65166a6e\" data-element_type=\"widget\" data-widget_type=\"share-buttons.default\">\n\t\t\t\t<div class=\"elementor-widget-container\">\n\t\t\t\t\t<div class=\"elementor-grid\">\n\t\t\t\t\t\t\t\t<div class=\"elementor-grid-item\">\n\t\t\t\t\t\t<div\n\t\t\t\t\t\t\tclass=\"elementor-share-btn elementor-share-btn_email\"\n\t\t\t\t\t\t\trole=\"button\"\n\t\t\t\t\t\t\ttabindex=\"0\"\n\t\t\t\t\t\t\taria-label=\"Dela p\u00e5 email\"\n\t\t\t\t\t\t>\n\t\t\t\t\t\t\t\t\t\t\t\t\t\t\t<span class=\"elementor-share-btn__icon\">\n\t\t\t\t\t\t\t\t<svg class=\"e-font-icon-svg e-fas-envelope\" viewBox=\"0 0 512 512\" xmlns=\"http:\/\/www.w3.org\/2000\/svg\"><path d=\"M502.3 190.8c3.9-3.1 9.7-.2 9.7 4.7V400c0 26.5-21.5 48-48 48H48c-26.5 0-48-21.5-48-48V195.6c0-5 5.7-7.8 9.7-4.7 22.4 17.4 52.1 39.5 154.1 113.6 21.1 15.4 56.7 47.8 92.2 47.6 35.7.3 72-32.8 92.3-47.6 102-74.1 131.6-96.3 154-113.7zM256 320c23.2.4 56.6-29.2 73.4-41.4 132.7-96.3 142.8-104.7 173.4-128.7 5.8-4.5 9.2-11.5 9.2-18.9v-19c0-26.5-21.5-48-48-48H48C21.5 64 0 85.5 0 112v19c0 7.4 3.4 14.3 9.2 18.9 30.6 23.9 40.7 32.4 173.4 128.7 16.8 12.2 50.2 41.8 73.4 41.4z\"><\/path><\/svg>\t\t\t\t\t\t\t<\/span>\n\t\t\t\t\t\t\t\t\t\t\t\t\t\t\t\t\t\t\t\t<\/div>\n\t\t\t\t\t<\/div>\n\t\t\t\t\t\t\t\t\t<div class=\"elementor-grid-item\">\n\t\t\t\t\t\t<div\n\t\t\t\t\t\t\tclass=\"elementor-share-btn elementor-share-btn_facebook\"\n\t\t\t\t\t\t\trole=\"button\"\n\t\t\t\t\t\t\ttabindex=\"0\"\n\t\t\t\t\t\t\taria-label=\"Dela p\u00e5 facebook\"\n\t\t\t\t\t\t>\n\t\t\t\t\t\t\t\t\t\t\t\t\t\t\t<span class=\"elementor-share-btn__icon\">\n\t\t\t\t\t\t\t\t<svg class=\"e-font-icon-svg e-fab-facebook\" viewBox=\"0 0 512 512\" xmlns=\"http:\/\/www.w3.org\/2000\/svg\"><path d=\"M504 256C504 119 393 8 256 8S8 119 8 256c0 123.78 90.69 226.38 209.25 245V327.69h-63V256h63v-54.64c0-62.15 37-96.48 93.67-96.48 27.14 0 55.52 4.84 55.52 4.84v61h-31.28c-30.8 0-40.41 19.12-40.41 38.73V256h68.78l-11 71.69h-57.78V501C413.31 482.38 504 379.78 504 256z\"><\/path><\/svg>\t\t\t\t\t\t\t<\/span>\n\t\t\t\t\t\t\t\t\t\t\t\t\t\t\t\t\t\t\t\t<\/div>\n\t\t\t\t\t<\/div>\n\t\t\t\t\t\t\t\t\t<div class=\"elementor-grid-item\">\n\t\t\t\t\t\t<div\n\t\t\t\t\t\t\tclass=\"elementor-share-btn elementor-share-btn_x-twitter\"\n\t\t\t\t\t\t\trole=\"button\"\n\t\t\t\t\t\t\ttabindex=\"0\"\n\t\t\t\t\t\t\taria-label=\"Dela p\u00e5 x-twitter\"\n\t\t\t\t\t\t>\n\t\t\t\t\t\t\t\t\t\t\t\t\t\t\t<span class=\"elementor-share-btn__icon\">\n\t\t\t\t\t\t\t\t<svg class=\"e-font-icon-svg e-fab-x-twitter\" viewBox=\"0 0 512 512\" xmlns=\"http:\/\/www.w3.org\/2000\/svg\"><path d=\"M389.2 48h70.6L305.6 224.2 487 464H345L233.7 318.6 106.5 464H35.8L200.7 275.5 26.8 48H172.4L272.9 180.9 389.2 48zM364.4 421.8h39.1L151.1 88h-42L364.4 421.8z\"><\/path><\/svg>\t\t\t\t\t\t\t<\/span>\n\t\t\t\t\t\t\t\t\t\t\t\t\t\t\t\t\t\t\t\t<\/div>\n\t\t\t\t\t<\/div>\n\t\t\t\t\t\t\t\t\t<div class=\"elementor-grid-item\">\n\t\t\t\t\t\t<div\n\t\t\t\t\t\t\tclass=\"elementor-share-btn elementor-share-btn_linkedin\"\n\t\t\t\t\t\t\trole=\"button\"\n\t\t\t\t\t\t\ttabindex=\"0\"\n\t\t\t\t\t\t\taria-label=\"Dela p\u00e5 linkedin\"\n\t\t\t\t\t\t>\n\t\t\t\t\t\t\t\t\t\t\t\t\t\t\t<span class=\"elementor-share-btn__icon\">\n\t\t\t\t\t\t\t\t<svg class=\"e-font-icon-svg e-fab-linkedin\" viewBox=\"0 0 448 512\" xmlns=\"http:\/\/www.w3.org\/2000\/svg\"><path d=\"M416 32H31.9C14.3 32 0 46.5 0 64.3v383.4C0 465.5 14.3 480 31.9 480H416c17.6 0 32-14.5 32-32.3V64.3c0-17.8-14.4-32.3-32-32.3zM135.4 416H69V202.2h66.5V416zm-33.2-243c-21.3 0-38.5-17.3-38.5-38.5S80.9 96 102.2 96c21.2 0 38.5 17.3 38.5 38.5 0 21.3-17.2 38.5-38.5 38.5zm282.1 243h-66.4V312c0-24.8-.5-56.7-34.5-56.7-34.6 0-39.9 27-39.9 54.9V416h-66.4V202.2h63.7v29.2h.9c8.9-16.8 30.6-34.5 62.9-34.5 67.2 0 79.7 44.3 79.7 101.9V416z\"><\/path><\/svg>\t\t\t\t\t\t\t<\/span>\n\t\t\t\t\t\t\t\t\t\t\t\t\t\t\t\t\t\t\t\t<\/div>\n\t\t\t\t\t<\/div>\n\t\t\t\t\t\t<\/div>\n\t\t\t\t<\/div>\n\t\t\t\t<\/div>\n\t\t\t\t\t<\/div>\n\t\t<\/div>\n\t\t\t\t\t<\/div>\n\t\t<\/section>\n\t\t\t\t<\/div>\n\t\t","protected":false},"excerpt":{"rendered":"<p>\u201dAllt fler uppt\u00e4cker Nyn\u00e4shamns unika f\u00f6rdelar\u201d I Nyn\u00e4shamns kommun finns fantastiska m\u00f6jligheter. Kommunen har ett utm\u00e4rkt geografiskt l\u00e4ge med n\u00e4rhet till natur, hav och Stockholms innerstad och \u00e4r p\u00e5 god v\u00e4g att bli ostkustens fr\u00e4msta hamnkommun. Det \u00e4r full fart i kommunen. I K\u00e4ll\u00adberga byggs ett helt nytt bostads\u00adomr\u00e5de och lagom till skolstarten i augusti [&hellip;]<\/p>\n","protected":false},"author":2,"featured_media":88,"parent":0,"menu_order":0,"comment_status":"closed","ping_status":"closed","template":"elementor_theme","meta":{"footnotes":""},"class_list":["post-138","page","type-page","status-publish","has-post-thumbnail","hentry"],"_links":{"self":[{"href":"https:\/\/nynashamnvaxer.nu\/index.php\/wp-json\/wp\/v2\/pages\/138","targetHints":{"allow":["GET"]}}],"collection":[{"href":"https:\/\/nynashamnvaxer.nu\/index.php\/wp-json\/wp\/v2\/pages"}],"about":[{"href":"https:\/\/nynashamnvaxer.nu\/index.php\/wp-json\/wp\/v2\/types\/page"}],"author":[{"embeddable":true,"href":"https:\/\/nynashamnvaxer.nu\/index.php\/wp-json\/wp\/v2\/users\/2"}],"replies":[{"embeddable":true,"href":"https:\/\/nynashamnvaxer.nu\/index.php\/wp-json\/wp\/v2\/comments?post=138"}],"version-history":[{"count":4,"href":"https:\/\/nynashamnvaxer.nu\/index.php\/wp-json\/wp\/v2\/pages\/138\/revisions"}],"predecessor-version":[{"id":143,"href":"https:\/\/nynashamnvaxer.nu\/index.php\/wp-json\/wp\/v2\/pages\/138\/revisions\/143"}],"wp:featuredmedia":[{"embeddable":true,"href":"https:\/\/nynashamnvaxer.nu\/index.php\/wp-json\/wp\/v2\/media\/88"}],"wp:attachment":[{"href":"https:\/\/nynashamnvaxer.nu\/index.php\/wp-json\/wp\/v2\/media?parent=138"}],"curies":[{"name":"wp","href":"https:\/\/api.w.org\/{rel}","templated":true}]}}