{"id":210,"date":"2024-06-26T15:45:04","date_gmt":"2024-06-26T13:45:04","guid":{"rendered":"https:\/\/nynashamnvaxer.nu\/?page_id=210"},"modified":"2024-06-26T15:50:01","modified_gmt":"2024-06-26T13:50:01","slug":"satsningen-pa-skolan-borjar-nu-visa-tydliga-resultat","status":"publish","type":"page","link":"https:\/\/nynashamnvaxer.nu\/index.php\/satsningen-pa-skolan-borjar-nu-visa-tydliga-resultat\/","title":{"rendered":"\u201dSatsningen p\u00e5 skolan b\u00f6rjar nu visa tydliga resultat\u201d"},"content":{"rendered":"\t\t<div data-elementor-type=\"wp-page\" data-elementor-id=\"210\" class=\"elementor elementor-210\" data-elementor-post-type=\"page\">\n\t\t\t\t\t\t<section class=\"elementor-section elementor-top-section elementor-element elementor-element-16681bdd elementor-section-boxed elementor-section-height-default elementor-section-height-default\" data-id=\"16681bdd\" data-element_type=\"section\">\n\t\t\t\t\t\t<div class=\"elementor-container elementor-column-gap-no\">\n\t\t\t\t\t<div class=\"elementor-column elementor-col-100 elementor-top-column elementor-element elementor-element-7a0205a1\" data-id=\"7a0205a1\" data-element_type=\"column\">\n\t\t\t<div class=\"elementor-widget-wrap elementor-element-populated\">\n\t\t\t\t\t\t<div class=\"elementor-element elementor-element-447c2a81 elementor-widget elementor-widget-image\" data-id=\"447c2a81\" data-element_type=\"widget\" data-widget_type=\"image.default\">\n\t\t\t\t<div class=\"elementor-widget-container\">\n\t\t\t\t\t\t\t\t\t\t\t\t\t<img fetchpriority=\"high\" decoding=\"async\" width=\"2080\" height=\"1386\" src=\"https:\/\/nynashamnvaxer.nu\/wp-content\/uploads\/2024\/06\/par-olsson.webp\" class=\"attachment-full size-full wp-image-110\" alt=\"\" srcset=\"https:\/\/nynashamnvaxer.nu\/wp-content\/uploads\/2024\/06\/par-olsson.webp 2080w, https:\/\/nynashamnvaxer.nu\/wp-content\/uploads\/2024\/06\/par-olsson-300x200.webp 300w, https:\/\/nynashamnvaxer.nu\/wp-content\/uploads\/2024\/06\/par-olsson-1024x682.webp 1024w, https:\/\/nynashamnvaxer.nu\/wp-content\/uploads\/2024\/06\/par-olsson-768x512.webp 768w, https:\/\/nynashamnvaxer.nu\/wp-content\/uploads\/2024\/06\/par-olsson-1536x1024.webp 1536w, https:\/\/nynashamnvaxer.nu\/wp-content\/uploads\/2024\/06\/par-olsson-2048x1365.webp 2048w\" sizes=\"(max-width: 2080px) 100vw, 2080px\" \/>\t\t\t\t\t\t\t\t\t\t\t\t\t<\/div>\n\t\t\t\t<\/div>\n\t\t\t\t<div class=\"elementor-element elementor-element-7b501c7e elementor-widget elementor-widget-text-editor\" data-id=\"7b501c7e\" data-element_type=\"widget\" data-widget_type=\"text-editor.default\">\n\t\t\t\t<div class=\"elementor-widget-container\">\n\t\t\t\t\t\t\t<p>\u2013 Nya fr\u00e4scha skollokaler och \u00f6kade m\u00f6jligheter till kompetensutveckling f\u00f6r l\u00e4rarna \u00e4r n\u00e5gra av de insatser som nu g\u00f6rs inom f\u00f6rskola och grundskola, s\u00e4ger P\u00e4r Olsson som \u00e4r chef f\u00f6r barn- och utbildningsf\u00f6rvaltningen i Nyn\u00e4shamn.<\/p>\t\t\t\t\t\t<\/div>\n\t\t\t\t<\/div>\n\t\t\t\t\t<\/div>\n\t\t<\/div>\n\t\t\t\t\t<\/div>\n\t\t<\/section>\n\t\t\t\t<section class=\"elementor-section elementor-top-section elementor-element elementor-element-5b76b53 elementor-section-boxed elementor-section-height-default elementor-section-height-default\" data-id=\"5b76b53\" data-element_type=\"section\">\n\t\t\t\t\t\t<div class=\"elementor-container elementor-column-gap-no\">\n\t\t\t\t\t<div class=\"elementor-column elementor-col-100 elementor-top-column elementor-element elementor-element-169e1fc0\" data-id=\"169e1fc0\" data-element_type=\"column\">\n\t\t\t<div class=\"elementor-widget-wrap elementor-element-populated\">\n\t\t\t\t\t\t<div class=\"elementor-element elementor-element-6d451515 elementor-widget elementor-widget-heading\" data-id=\"6d451515\" data-element_type=\"widget\" data-widget_type=\"heading.default\">\n\t\t\t\t<div class=\"elementor-widget-container\">\n\t\t\t<h1 class=\"elementor-heading-title elementor-size-default\">\u201dSatsningen p\u00e5 skolan b\u00f6rjar nu visa tydliga resultat\u201d<\/h1>\t\t<\/div>\n\t\t\t\t<\/div>\n\t\t\t\t\t<\/div>\n\t\t<\/div>\n\t\t\t\t\t<\/div>\n\t\t<\/section>\n\t\t\t\t<section class=\"elementor-section elementor-top-section elementor-element elementor-element-70096bb1 elementor-section-boxed elementor-section-height-default elementor-section-height-default\" data-id=\"70096bb1\" data-element_type=\"section\">\n\t\t\t\t\t\t<div class=\"elementor-container elementor-column-gap-no\">\n\t\t\t\t\t<div class=\"elementor-column elementor-col-100 elementor-top-column elementor-element elementor-element-6b34dd9d\" data-id=\"6b34dd9d\" data-element_type=\"column\">\n\t\t\t<div class=\"elementor-widget-wrap elementor-element-populated\">\n\t\t\t\t\t\t<div class=\"elementor-element elementor-element-691367cb elementor-widget elementor-widget-text-editor\" data-id=\"691367cb\" data-element_type=\"widget\" data-widget_type=\"text-editor.default\">\n\t\t\t\t<div class=\"elementor-widget-container\">\n\t\t\t\t\t\t\t<p>Fler niondeklassare i Nyn\u00e4shamn l\u00e4mnar grundskolan med beh\u00f6righet till gymnasiet. Det \u00f6ppnas nya f\u00f6rskolor och grundskolor och antalet beh\u00f6riga l\u00e4rare blir fler. S\u00e5 \u00e4r allt frid och fr\u00f6jd i skolan nu?<\/p>\t\t\t\t\t\t<\/div>\n\t\t\t\t<\/div>\n\t\t\t\t<div class=\"elementor-element elementor-element-5babd987 elementor-drop-cap-yes elementor-drop-cap-view-default elementor-widget elementor-widget-text-editor\" data-id=\"5babd987\" data-element_type=\"widget\" data-settings=\"{&quot;drop_cap&quot;:&quot;yes&quot;}\" data-widget_type=\"text-editor.default\">\n\t\t\t\t<div class=\"elementor-widget-container\">\n\t\t\t\t\t\t\t<p>D<span class=\"s1\"><b>et positiva <\/b><\/span><span class=\"s2\">\u00e4r att vi nu ser att det v\u00e4ldigt omfattande f\u00f6r\u00e4ndringsarbete vi bedriver inom f\u00f6rskola och grundskola verkligen har effekt. Samtidigt m\u00e5ste vi vara \u00f6dmjuka och forts\u00e4tta att satsa s\u00e5 att alla elever, oavsett bakgrund och f\u00f6ruts\u00e4ttningar, klarar kunskapskraven och ges en chans att f\u00e5 en trygg start i livet, s\u00e4ger P\u00e4r Olsson, f\u00f6rvaltningschef f\u00f6r barn- och utbildningsf\u00f6rvaltningen i Nyn\u00e4shamn.<\/span><\/p><p class=\"p2\">L\u00e4s\u00e5ret 2022\/2023 gick 86,3 procent av eleverna i \u00e5rskurs nio i Nyn\u00e4shamns kommun ut med beh\u00f6righet till gymnasiet. Andelen beh\u00f6riga var d\u00e4rmed h\u00f6gre \u00e4n rikssnittet, som l\u00e5g p\u00e5 85 procent, och \u00e4ven j\u00e4mf\u00f6rt med de omkringliggande kommunerna, ber\u00e4ttar P\u00e4r Olsson:<\/p><p class=\"p2\">&#8211; Ja det \u00e4r gl\u00e4djande att ungdomarna presterar s\u00e5 bra och har m\u00f6jlighet att s\u00f6ka sig till ett nationellt gymnasie\u00adprogram. \u00c4ven meritv\u00e4rdet var h\u00f6gre f\u00f6rra \u00e5ret liksom att fler elever l\u00e4mnade nian med betyg i alla \u00e4mnen.<\/p><p class=\"p4\"><strong><i>Hur arbetar skolorna i kommunen f\u00f6r att \u00f6ka andelen elever med gymnasiebeh\u00f6righet?<br \/><\/i><\/strong><span class=\"s2\">\u2013 M\u00e5nga av de elever som inte n\u00e5r betygskriterierna i \u00e5rskurs sex g\u00f6r det inte heller i \u00e5rskurs nio. D\u00e4rf\u00f6r \u00e4r det viktigt att b\u00f6rja tidigt, helst redan i f\u00f6rskolan, och snabbt s\u00e4tta in kraftfulla insatser <br \/>d\u00e4r det beh\u00f6vs s\u00e5 att ingen faller mellan stolarna. Och f\u00f6r detta kr\u00e4vs en \u00f6kad samverkan \u00f6ver hela utbildningskedjan.<\/span><\/p><p class=\"p2\">P\u00e4r Olsson lyfter h\u00e4r f\u00f6rskolornas arbete i kommunen.<\/p><p class=\"p2\">\u2013 Nyn\u00e4shamns f\u00f6rskolor \u00e4r mycket bra p\u00e5 att skapa en god l\u00e4rmilj\u00f6 d\u00e4r alla barn blir sedda och d\u00e4r undervisningen anpassas efter de enskilda barnens behov. Det h\u00e4r \u00e4r n\u00e5got grundskolan kan l\u00e4ra av och d\u00e4rf\u00f6r har vi initierat ett erfarenhets- och verksamhetsutbyte mellan f\u00f6rskola och grundskola.<\/p><p class=\"p2\"><span class=\"s2\">F\u00f6r att s\u00e4kerst\u00e4lla att undervisningen inom f\u00f6rskolan h\u00e5ller samma h\u00f6ga kvalitet i hela kommunen etablerades f\u00f6r n\u00e5gra \u00e5r sedan ett pedagogiskt centrum. Personalen f\u00e5r h\u00e4r m\u00f6jlighet till kompetensutveckling, vilket b\u00e5de har lett till l\u00e4gre personal\u00adoms\u00e4ttning och b\u00e4ttre undervisning.<\/span><\/p><p class=\"p2\">&#8211; Det var ett lyckat grepp, som vi nu ska upprepa inom grundskolan. Vi bygger vidare p\u00e5 f\u00f6rskolans pedagogiska centrum genom att grundskolan nu kommer att inkluderas. Personalen f\u00e5r h\u00e4r m\u00f6jlighet till b\u00e5de \u00e4mnesspecifik och \u00f6vergripande pedagogisk kompetens\u00adutveckling, s\u00e4ger P\u00e4r Olsson.<\/p><p class=\"p4\"><strong><i>Hur ska ni \u00f6ka andelen beh\u00f6riga l\u00e4rare i skolan?<br \/><\/i><\/strong>\u2013 Framf\u00f6r allt genom att visa att vi forts\u00e4tter satsa p\u00e5 skolan, b\u00e5de vad g\u00e4ller nya och fr\u00e4scha skollokaler och \u00f6kade m\u00f6jligheter till kompetensutveckling f\u00f6r l\u00e4rarna, d\u00e4r obeh\u00f6riga l\u00e4rare kan skaffa sig beh\u00f6righet och beh\u00f6riga f\u00e5r en chans att utveckla sig. Vi har exempelvis ett unikt samarbete med KTH i grund\u00adskolan. Andelen beh\u00f6riga l\u00e4rare \u00f6kade senaste \u00e5ret med n\u00e4ra 4,5 procentenheter, s\u00e5 v\u00e5rt aktiva arbete b\u00f6rjar ge resultat.<\/p><p class=\"p1\"><span class=\"s3\"><b>En trygg och inspirerande <\/b><\/span>l\u00e4rmilj\u00f6 best\u00e5r av flera delar. Dels att eleverna k\u00e4nner studiero och kan utvecklas i sin egen takt inne i klassrummet, och dels att milj\u00f6n i och runt om skolan gynnar barnen och deras m\u00f6jligheter.<\/p><p class=\"p4\"><strong><i>Vilka insatser g\u00f6rs f\u00f6r att skapa ett tryggt klimat i skolan?<br \/><\/i><\/strong>\u2013 Genom bland annat f\u00f6rst\u00e4rkt vuxenn\u00e4rvaro i korridorer och p\u00e5 skolg\u00e5rdar och ha tydliga ordningsregler. Vi har anst\u00e4llt trygghetsv\u00e4rdar och kommer nu \u00e4ven att introducera skolsociala team d\u00e4r skola och socialtj\u00e4nst samverkar p\u00e5 plats i skolan f\u00f6r att f\u00e5nga upp vissa norm\u00adbrytande beteende innan det g\u00e5r f\u00f6r l\u00e5ngt, s\u00e4ger P\u00e4r Olsson.<\/p>\t\t\t\t\t\t<\/div>\n\t\t\t\t<\/div>\n\t\t\t\t<div class=\"elementor-element elementor-element-30d51973 elementor-widget elementor-widget-text-editor\" data-id=\"30d51973\" data-element_type=\"widget\" data-widget_type=\"text-editor.default\">\n\t\t\t\t<div class=\"elementor-widget-container\">\n\t\t\t\t\t\t\t<p>Text: Magnus Nilsson<\/p>\t\t\t\t\t\t<\/div>\n\t\t\t\t<\/div>\n\t\t\t\t\t<\/div>\n\t\t<\/div>\n\t\t\t\t\t<\/div>\n\t\t<\/section>\n\t\t\t\t<section class=\"elementor-section elementor-top-section elementor-element elementor-element-4aebbca elementor-section-boxed elementor-section-height-default elementor-section-height-default\" data-id=\"4aebbca\" data-element_type=\"section\" data-settings=\"{&quot;background_background&quot;:&quot;classic&quot;}\">\n\t\t\t\t\t\t<div class=\"elementor-container elementor-column-gap-no\">\n\t\t\t\t\t<div class=\"elementor-column elementor-col-100 elementor-top-column elementor-element elementor-element-7776fbcc\" data-id=\"7776fbcc\" data-element_type=\"column\" data-settings=\"{&quot;background_background&quot;:&quot;classic&quot;}\">\n\t\t\t<div class=\"elementor-widget-wrap elementor-element-populated\">\n\t\t\t\t\t\t<div class=\"elementor-element elementor-element-7ba6c9d4 elementor-widget elementor-widget-heading\" data-id=\"7ba6c9d4\" data-element_type=\"widget\" data-widget_type=\"heading.default\">\n\t\t\t\t<div class=\"elementor-widget-container\">\n\t\t\t<h3 class=\"elementor-heading-title elementor-size-default\">Fakta Nyn\u00e4shamns skolor<\/h3>\t\t<\/div>\n\t\t\t\t<\/div>\n\t\t\t\t<div class=\"elementor-element elementor-element-b9c7ee8 elementor-widget elementor-widget-text-editor\" data-id=\"b9c7ee8\" data-element_type=\"widget\" data-widget_type=\"text-editor.default\">\n\t\t\t\t<div class=\"elementor-widget-container\">\n\t\t\t\t\t\t\t<p class=\"p1\"><b>Antal barn i f\u00f6rskola: <\/b><span class=\"s1\">1\u00a0700 <span class=\"Apple-converted-space\">\u00a0 <\/span><\/span><b>Antal barn i grundskola: <\/b><span class=\"s1\">3\u00a0600<br \/><\/span><b>Antal f\u00f6rskolor: <\/b><span class=\"s1\">23 <span class=\"Apple-converted-space\">\u00a0 <\/span><\/span><b>Antal familjedaghem: <\/b><span class=\"s1\">5 <span class=\"Apple-converted-space\">\u00a0 <\/span><\/span><b>Antal grundskolor: <\/b><span class=\"s1\">7*<\/span><\/p><p class=\"p2\"><i>* Raoul Wallenbergskolan K\u00e4llberga har skolstart i augusti 2024.<\/i><\/p>\t\t\t\t\t\t<\/div>\n\t\t\t\t<\/div>\n\t\t\t\t\t<\/div>\n\t\t<\/div>\n\t\t\t\t\t<\/div>\n\t\t<\/section>\n\t\t\t\t<section class=\"elementor-section elementor-top-section elementor-element elementor-element-4be38bc elementor-section-boxed elementor-section-height-default elementor-section-height-default\" data-id=\"4be38bc\" data-element_type=\"section\" data-settings=\"{&quot;background_background&quot;:&quot;classic&quot;}\">\n\t\t\t\t\t\t<div class=\"elementor-container elementor-column-gap-no\">\n\t\t\t\t\t<div class=\"elementor-column elementor-col-100 elementor-top-column elementor-element elementor-element-ab94123\" data-id=\"ab94123\" data-element_type=\"column\" data-settings=\"{&quot;background_background&quot;:&quot;classic&quot;}\">\n\t\t\t<div class=\"elementor-widget-wrap elementor-element-populated\">\n\t\t\t\t\t\t<div class=\"elementor-element elementor-element-b6bacea elementor-widget elementor-widget-heading\" data-id=\"b6bacea\" data-element_type=\"widget\" data-widget_type=\"heading.default\">\n\t\t\t\t<div class=\"elementor-widget-container\">\n\t\t\t<h3 class=\"elementor-heading-title elementor-size-default\">Omfattande renovering av Gr\u00f6ndalsskolan<\/h3>\t\t<\/div>\n\t\t\t\t<\/div>\n\t\t\t\t<div class=\"elementor-element elementor-element-d1f45d9 elementor-widget elementor-widget-text-editor\" data-id=\"d1f45d9\" data-element_type=\"widget\" data-widget_type=\"text-editor.default\">\n\t\t\t\t<div class=\"elementor-widget-container\">\n\t\t\t\t\t\t\t<p class=\"p1\">Gr\u00f6ndalsskolan i Nyn\u00e4shamn genomg\u00e5r nu en stor uppgradering f\u00f6r att kunna bli stadens enda h\u00f6gstadieskola med fler parallellklasser. L\u00e5g- och mellanstadieklasserna p\u00e5 skolan blir kvar. L\u00e5gstadiet invigde en helt ny byggnad i augusti 2023. Dagens tillf\u00e4lliga klassrum p\u00e5 Utsikten avvecklas, och Viaskolan blir renodlad F-6 skola. Arbetet f\u00f6rv\u00e4ntas vara klart lagom till h\u00f6stterminen 2025.<\/p>\t\t\t\t\t\t<\/div>\n\t\t\t\t<\/div>\n\t\t\t\t\t<\/div>\n\t\t<\/div>\n\t\t\t\t\t<\/div>\n\t\t<\/section>\n\t\t\t\t<section class=\"elementor-section elementor-top-section elementor-element elementor-element-e58c688 elementor-section-boxed elementor-section-height-default elementor-section-height-default\" data-id=\"e58c688\" data-element_type=\"section\" data-settings=\"{&quot;background_background&quot;:&quot;classic&quot;}\">\n\t\t\t\t\t\t<div class=\"elementor-container elementor-column-gap-no\">\n\t\t\t\t\t<div class=\"elementor-column elementor-col-100 elementor-top-column elementor-element elementor-element-40f13da\" data-id=\"40f13da\" data-element_type=\"column\" data-settings=\"{&quot;background_background&quot;:&quot;classic&quot;}\">\n\t\t\t<div class=\"elementor-widget-wrap elementor-element-populated\">\n\t\t\t\t\t\t<div class=\"elementor-element elementor-element-3b65f93 elementor-widget elementor-widget-heading\" data-id=\"3b65f93\" data-element_type=\"widget\" data-widget_type=\"heading.default\">\n\t\t\t\t<div class=\"elementor-widget-container\">\n\t\t\t<h3 class=\"elementor-heading-title elementor-size-default\">Flera nya f\u00f6rskolor och skolor i Nyn\u00e4shamns kommun:<\/h3>\t\t<\/div>\n\t\t\t\t<\/div>\n\t\t\t\t<div class=\"elementor-element elementor-element-ad12d9a elementor-widget elementor-widget-text-editor\" data-id=\"ad12d9a\" data-element_type=\"widget\" data-widget_type=\"text-editor.default\">\n\t\t\t\t<div class=\"elementor-widget-container\">\n\t\t\t\t\t\t\t<p class=\"p1\">\u2022 Ny f\u00f6rskola i Sorunda, Gl\u00e4ntan (invigd augusti 2023).<br \/>\u2022 Raoul Wallenbergf\u00f6rskolan K\u00e4llberga, frist\u00e5ende, \u00f6ppnar 12 augusti 2024.<br \/>\u2022 Raoul Wallenbergskolan K\u00e4llberga F-6, frist\u00e5ende, skolstart 20 augusti 2024.<br \/>\u2022 Ny F-6 skola i Sorunda, planerad att st\u00e5 klar 2027.<br \/>\u2022 Kullsta f\u00f6rskola har helrenoverats och nyinvigs i augusti 2024.<\/p>\t\t\t\t\t\t<\/div>\n\t\t\t\t<\/div>\n\t\t\t\t\t<\/div>\n\t\t<\/div>\n\t\t\t\t\t<\/div>\n\t\t<\/section>\n\t\t\t\t<section class=\"elementor-section elementor-top-section elementor-element elementor-element-6719d649 elementor-section-boxed elementor-section-height-default elementor-section-height-default\" data-id=\"6719d649\" data-element_type=\"section\">\n\t\t\t\t\t\t<div class=\"elementor-container elementor-column-gap-no\">\n\t\t\t\t\t<div class=\"elementor-column elementor-col-100 elementor-top-column elementor-element elementor-element-c384cd8\" data-id=\"c384cd8\" data-element_type=\"column\">\n\t\t\t<div class=\"elementor-widget-wrap elementor-element-populated\">\n\t\t\t\t\t\t<div class=\"elementor-element elementor-element-7432e378 elementor-share-buttons--view-icon elementor-share-buttons--skin-minimal elementor-share-buttons--shape-circle elementor-share-buttons--align-center elementor-share-buttons--color-custom elementor-grid-0 elementor-widget elementor-widget-share-buttons\" data-id=\"7432e378\" data-element_type=\"widget\" data-widget_type=\"share-buttons.default\">\n\t\t\t\t<div class=\"elementor-widget-container\">\n\t\t\t\t\t<div class=\"elementor-grid\">\n\t\t\t\t\t\t\t\t<div class=\"elementor-grid-item\">\n\t\t\t\t\t\t<div\n\t\t\t\t\t\t\tclass=\"elementor-share-btn elementor-share-btn_email\"\n\t\t\t\t\t\t\trole=\"button\"\n\t\t\t\t\t\t\ttabindex=\"0\"\n\t\t\t\t\t\t\taria-label=\"Dela p\u00e5 email\"\n\t\t\t\t\t\t>\n\t\t\t\t\t\t\t\t\t\t\t\t\t\t\t<span class=\"elementor-share-btn__icon\">\n\t\t\t\t\t\t\t\t<svg class=\"e-font-icon-svg e-fas-envelope\" viewBox=\"0 0 512 512\" xmlns=\"http:\/\/www.w3.org\/2000\/svg\"><path d=\"M502.3 190.8c3.9-3.1 9.7-.2 9.7 4.7V400c0 26.5-21.5 48-48 48H48c-26.5 0-48-21.5-48-48V195.6c0-5 5.7-7.8 9.7-4.7 22.4 17.4 52.1 39.5 154.1 113.6 21.1 15.4 56.7 47.8 92.2 47.6 35.7.3 72-32.8 92.3-47.6 102-74.1 131.6-96.3 154-113.7zM256 320c23.2.4 56.6-29.2 73.4-41.4 132.7-96.3 142.8-104.7 173.4-128.7 5.8-4.5 9.2-11.5 9.2-18.9v-19c0-26.5-21.5-48-48-48H48C21.5 64 0 85.5 0 112v19c0 7.4 3.4 14.3 9.2 18.9 30.6 23.9 40.7 32.4 173.4 128.7 16.8 12.2 50.2 41.8 73.4 41.4z\"><\/path><\/svg>\t\t\t\t\t\t\t<\/span>\n\t\t\t\t\t\t\t\t\t\t\t\t\t\t\t\t\t\t\t\t<\/div>\n\t\t\t\t\t<\/div>\n\t\t\t\t\t\t\t\t\t<div class=\"elementor-grid-item\">\n\t\t\t\t\t\t<div\n\t\t\t\t\t\t\tclass=\"elementor-share-btn elementor-share-btn_facebook\"\n\t\t\t\t\t\t\trole=\"button\"\n\t\t\t\t\t\t\ttabindex=\"0\"\n\t\t\t\t\t\t\taria-label=\"Dela p\u00e5 facebook\"\n\t\t\t\t\t\t>\n\t\t\t\t\t\t\t\t\t\t\t\t\t\t\t<span class=\"elementor-share-btn__icon\">\n\t\t\t\t\t\t\t\t<svg class=\"e-font-icon-svg e-fab-facebook\" viewBox=\"0 0 512 512\" xmlns=\"http:\/\/www.w3.org\/2000\/svg\"><path d=\"M504 256C504 119 393 8 256 8S8 119 8 256c0 123.78 90.69 226.38 209.25 245V327.69h-63V256h63v-54.64c0-62.15 37-96.48 93.67-96.48 27.14 0 55.52 4.84 55.52 4.84v61h-31.28c-30.8 0-40.41 19.12-40.41 38.73V256h68.78l-11 71.69h-57.78V501C413.31 482.38 504 379.78 504 256z\"><\/path><\/svg>\t\t\t\t\t\t\t<\/span>\n\t\t\t\t\t\t\t\t\t\t\t\t\t\t\t\t\t\t\t\t<\/div>\n\t\t\t\t\t<\/div>\n\t\t\t\t\t\t\t\t\t<div class=\"elementor-grid-item\">\n\t\t\t\t\t\t<div\n\t\t\t\t\t\t\tclass=\"elementor-share-btn elementor-share-btn_x-twitter\"\n\t\t\t\t\t\t\trole=\"button\"\n\t\t\t\t\t\t\ttabindex=\"0\"\n\t\t\t\t\t\t\taria-label=\"Dela p\u00e5 x-twitter\"\n\t\t\t\t\t\t>\n\t\t\t\t\t\t\t\t\t\t\t\t\t\t\t<span class=\"elementor-share-btn__icon\">\n\t\t\t\t\t\t\t\t<svg class=\"e-font-icon-svg e-fab-x-twitter\" viewBox=\"0 0 512 512\" xmlns=\"http:\/\/www.w3.org\/2000\/svg\"><path d=\"M389.2 48h70.6L305.6 224.2 487 464H345L233.7 318.6 106.5 464H35.8L200.7 275.5 26.8 48H172.4L272.9 180.9 389.2 48zM364.4 421.8h39.1L151.1 88h-42L364.4 421.8z\"><\/path><\/svg>\t\t\t\t\t\t\t<\/span>\n\t\t\t\t\t\t\t\t\t\t\t\t\t\t\t\t\t\t\t\t<\/div>\n\t\t\t\t\t<\/div>\n\t\t\t\t\t\t\t\t\t<div class=\"elementor-grid-item\">\n\t\t\t\t\t\t<div\n\t\t\t\t\t\t\tclass=\"elementor-share-btn elementor-share-btn_linkedin\"\n\t\t\t\t\t\t\trole=\"button\"\n\t\t\t\t\t\t\ttabindex=\"0\"\n\t\t\t\t\t\t\taria-label=\"Dela p\u00e5 linkedin\"\n\t\t\t\t\t\t>\n\t\t\t\t\t\t\t\t\t\t\t\t\t\t\t<span class=\"elementor-share-btn__icon\">\n\t\t\t\t\t\t\t\t<svg class=\"e-font-icon-svg e-fab-linkedin\" viewBox=\"0 0 448 512\" xmlns=\"http:\/\/www.w3.org\/2000\/svg\"><path d=\"M416 32H31.9C14.3 32 0 46.5 0 64.3v383.4C0 465.5 14.3 480 31.9 480H416c17.6 0 32-14.5 32-32.3V64.3c0-17.8-14.4-32.3-32-32.3zM135.4 416H69V202.2h66.5V416zm-33.2-243c-21.3 0-38.5-17.3-38.5-38.5S80.9 96 102.2 96c21.2 0 38.5 17.3 38.5 38.5 0 21.3-17.2 38.5-38.5 38.5zm282.1 243h-66.4V312c0-24.8-.5-56.7-34.5-56.7-34.6 0-39.9 27-39.9 54.9V416h-66.4V202.2h63.7v29.2h.9c8.9-16.8 30.6-34.5 62.9-34.5 67.2 0 79.7 44.3 79.7 101.9V416z\"><\/path><\/svg>\t\t\t\t\t\t\t<\/span>\n\t\t\t\t\t\t\t\t\t\t\t\t\t\t\t\t\t\t\t\t<\/div>\n\t\t\t\t\t<\/div>\n\t\t\t\t\t\t<\/div>\n\t\t\t\t<\/div>\n\t\t\t\t<\/div>\n\t\t\t\t\t<\/div>\n\t\t<\/div>\n\t\t\t\t\t<\/div>\n\t\t<\/section>\n\t\t\t\t<\/div>\n\t\t","protected":false},"excerpt":{"rendered":"<p>\u2013 Nya fr\u00e4scha skollokaler och \u00f6kade m\u00f6jligheter till kompetensutveckling f\u00f6r l\u00e4rarna \u00e4r n\u00e5gra av de insatser som nu g\u00f6rs inom f\u00f6rskola och grundskola, s\u00e4ger P\u00e4r Olsson som \u00e4r chef f\u00f6r barn- och utbildningsf\u00f6rvaltningen i Nyn\u00e4shamn. \u201dSatsningen p\u00e5 skolan b\u00f6rjar nu visa tydliga resultat\u201d Fler niondeklassare i Nyn\u00e4shamn l\u00e4mnar grundskolan med beh\u00f6righet till gymnasiet. Det \u00f6ppnas [&hellip;]<\/p>\n","protected":false},"author":2,"featured_media":110,"parent":0,"menu_order":0,"comment_status":"closed","ping_status":"closed","template":"elementor_theme","meta":{"footnotes":""},"class_list":["post-210","page","type-page","status-publish","has-post-thumbnail","hentry"],"_links":{"self":[{"href":"https:\/\/nynashamnvaxer.nu\/index.php\/wp-json\/wp\/v2\/pages\/210","targetHints":{"allow":["GET"]}}],"collection":[{"href":"https:\/\/nynashamnvaxer.nu\/index.php\/wp-json\/wp\/v2\/pages"}],"about":[{"href":"https:\/\/nynashamnvaxer.nu\/index.php\/wp-json\/wp\/v2\/types\/page"}],"author":[{"embeddable":true,"href":"https:\/\/nynashamnvaxer.nu\/index.php\/wp-json\/wp\/v2\/users\/2"}],"replies":[{"embeddable":true,"href":"https:\/\/nynashamnvaxer.nu\/index.php\/wp-json\/wp\/v2\/comments?post=210"}],"version-history":[{"count":4,"href":"https:\/\/nynashamnvaxer.nu\/index.php\/wp-json\/wp\/v2\/pages\/210\/revisions"}],"predecessor-version":[{"id":215,"href":"https:\/\/nynashamnvaxer.nu\/index.php\/wp-json\/wp\/v2\/pages\/210\/revisions\/215"}],"wp:featuredmedia":[{"embeddable":true,"href":"https:\/\/nynashamnvaxer.nu\/index.php\/wp-json\/wp\/v2\/media\/110"}],"wp:attachment":[{"href":"https:\/\/nynashamnvaxer.nu\/index.php\/wp-json\/wp\/v2\/media?parent=210"}],"curies":[{"name":"wp","href":"https:\/\/api.w.org\/{rel}","templated":true}]}}