{"id":234,"date":"2024-06-26T16:30:09","date_gmt":"2024-06-26T14:30:09","guid":{"rendered":"https:\/\/nynashamnvaxer.nu\/?page_id=234"},"modified":"2024-06-26T16:34:28","modified_gmt":"2024-06-26T14:34:28","slug":"hog-aktivitet-pa-bostadsbyggande-och-stadsutveckling-i-kommunen","status":"publish","type":"page","link":"https:\/\/nynashamnvaxer.nu\/index.php\/hog-aktivitet-pa-bostadsbyggande-och-stadsutveckling-i-kommunen\/","title":{"rendered":"H\u00f6g aktivitet p\u00e5 bostadsbyggande och stadsutveckling i kommunen"},"content":{"rendered":"\t\t<div data-elementor-type=\"wp-page\" data-elementor-id=\"234\" class=\"elementor elementor-234\" data-elementor-post-type=\"page\">\n\t\t\t\t\t\t<section class=\"elementor-section elementor-top-section elementor-element elementor-element-6d382842 elementor-section-boxed elementor-section-height-default elementor-section-height-default\" data-id=\"6d382842\" data-element_type=\"section\">\n\t\t\t\t\t\t<div class=\"elementor-container elementor-column-gap-no\">\n\t\t\t\t\t<div class=\"elementor-column elementor-col-100 elementor-top-column elementor-element elementor-element-1c584523\" data-id=\"1c584523\" data-element_type=\"column\">\n\t\t\t<div class=\"elementor-widget-wrap elementor-element-populated\">\n\t\t\t\t\t\t<div class=\"elementor-element elementor-element-2eeb1d68 elementor-widget elementor-widget-image\" data-id=\"2eeb1d68\" data-element_type=\"widget\" data-widget_type=\"image.default\">\n\t\t\t\t<div class=\"elementor-widget-container\">\n\t\t\t\t\t\t\t\t\t\t\t\t\t<img fetchpriority=\"high\" decoding=\"async\" width=\"2080\" height=\"1386\" src=\"https:\/\/nynashamnvaxer.nu\/wp-content\/uploads\/2024\/06\/jenny-linne.webp\" class=\"attachment-full size-full wp-image-92\" alt=\"\" srcset=\"https:\/\/nynashamnvaxer.nu\/wp-content\/uploads\/2024\/06\/jenny-linne.webp 2080w, https:\/\/nynashamnvaxer.nu\/wp-content\/uploads\/2024\/06\/jenny-linne-300x200.webp 300w, https:\/\/nynashamnvaxer.nu\/wp-content\/uploads\/2024\/06\/jenny-linne-1024x682.webp 1024w, https:\/\/nynashamnvaxer.nu\/wp-content\/uploads\/2024\/06\/jenny-linne-768x512.webp 768w, https:\/\/nynashamnvaxer.nu\/wp-content\/uploads\/2024\/06\/jenny-linne-1536x1024.webp 1536w, https:\/\/nynashamnvaxer.nu\/wp-content\/uploads\/2024\/06\/jenny-linne-2048x1365.webp 2048w\" sizes=\"(max-width: 2080px) 100vw, 2080px\" \/>\t\t\t\t\t\t\t\t\t\t\t\t\t<\/div>\n\t\t\t\t<\/div>\n\t\t\t\t<div class=\"elementor-element elementor-element-7c4deeec elementor-widget elementor-widget-text-editor\" data-id=\"7c4deeec\" data-element_type=\"widget\" data-widget_type=\"text-editor.default\">\n\t\t\t\t<div class=\"elementor-widget-container\">\n\t\t\t\t\t\t\t<p>\u2013 Nya bost\u00e4der \u00e4r avg\u00f6rande f\u00f6r att vi ska kunna \u00f6ka tillv\u00e4xten i kommunen och finansiera v\u00e4lf\u00e4rden, s\u00e4ger Jenny Linn\u00e9, f\u00f6rvaltningschef Samh\u00e4llsbyggnad.<\/p>\t\t\t\t\t\t<\/div>\n\t\t\t\t<\/div>\n\t\t\t\t\t<\/div>\n\t\t<\/div>\n\t\t\t\t\t<\/div>\n\t\t<\/section>\n\t\t\t\t<section class=\"elementor-section elementor-top-section elementor-element elementor-element-73407d46 elementor-section-boxed elementor-section-height-default elementor-section-height-default\" data-id=\"73407d46\" data-element_type=\"section\">\n\t\t\t\t\t\t<div class=\"elementor-container elementor-column-gap-no\">\n\t\t\t\t\t<div class=\"elementor-column elementor-col-100 elementor-top-column elementor-element elementor-element-4dc08169\" data-id=\"4dc08169\" data-element_type=\"column\">\n\t\t\t<div class=\"elementor-widget-wrap elementor-element-populated\">\n\t\t\t\t\t\t<div class=\"elementor-element elementor-element-7c7d51d elementor-widget elementor-widget-heading\" data-id=\"7c7d51d\" data-element_type=\"widget\" data-widget_type=\"heading.default\">\n\t\t\t\t<div class=\"elementor-widget-container\">\n\t\t\t<h1 class=\"elementor-heading-title elementor-size-default\">H\u00f6g aktivitet p\u00e5 bostadsbyggande och stadsutveckling i kommunen<\/h1>\t\t<\/div>\n\t\t\t\t<\/div>\n\t\t\t\t\t<\/div>\n\t\t<\/div>\n\t\t\t\t\t<\/div>\n\t\t<\/section>\n\t\t\t\t<section class=\"elementor-section elementor-top-section elementor-element elementor-element-2a0bfaf5 elementor-section-boxed elementor-section-height-default elementor-section-height-default\" data-id=\"2a0bfaf5\" data-element_type=\"section\">\n\t\t\t\t\t\t<div class=\"elementor-container elementor-column-gap-no\">\n\t\t\t\t\t<div class=\"elementor-column elementor-col-100 elementor-top-column elementor-element elementor-element-43d52a5a\" data-id=\"43d52a5a\" data-element_type=\"column\">\n\t\t\t<div class=\"elementor-widget-wrap elementor-element-populated\">\n\t\t\t\t\t\t<div class=\"elementor-element elementor-element-58215293 elementor-widget elementor-widget-text-editor\" data-id=\"58215293\" data-element_type=\"widget\" data-widget_type=\"text-editor.default\">\n\t\t\t\t<div class=\"elementor-widget-container\">\n\t\t\t\t\t\t\t<p>Trots tuffa tider inom bygg\u00adbranschen h\u00e4nder det mycket inom bebyggelse och utveckling i Nyn\u00e4shamns kommun. Vi fr\u00e5gade Jenny Linn\u00e9, f\u00f6rvaltningschef Samh\u00e4llsbyggnad i Nyn\u00e4shamns kommun om vad som \u00e4r p\u00e5 g\u00e5ng.<\/p>\t\t\t\t\t\t<\/div>\n\t\t\t\t<\/div>\n\t\t\t\t<div class=\"elementor-element elementor-element-5acaf102 elementor-drop-cap-yes elementor-drop-cap-view-default elementor-widget elementor-widget-text-editor\" data-id=\"5acaf102\" data-element_type=\"widget\" data-settings=\"{&quot;drop_cap&quot;:&quot;yes&quot;}\" data-widget_type=\"text-editor.default\">\n\t\t\t\t<div class=\"elementor-widget-container\">\n\t\t\t\t\t\t\t<p>V<span class=\"s1\"><b>i har redan <\/b><\/span>haft flera byggstarter i Nyn\u00e4shamns stad i \u00e5r och planerar f\u00f6r en utveckling av \u00d6smo. Vi \u00e4r ocks\u00e5 mitt i genomf\u00f6randet av en helt ny stadsdel i K\u00e4llberga och d\u00e4r rullar det p\u00e5 i full fart b\u00e5de med skolstart till h\u00f6sten och f\u00e4rdiga bost\u00e4der. I m\u00e5nga kommuner st\u00e5r byggandet still till f\u00f6ljd av det allm\u00e4nt d\u00e5liga ekonomiska l\u00e4get i landet, men s\u00e5 \u00e4r det faktiskt inte i Nyn\u00e4shamn gl\u00e4djande nog.<\/p><p class=\"p3\"><strong><i>Vad \u00e4r det f\u00f6r typ av bost\u00e4der som byggs och vem ska bo i \u00d6smo och K\u00e4llberga?<br \/><\/i><\/strong>\u2013 Utg\u00e5ngspunkten \u00e4r att skapa en m\u00e5ngfald av olika boendetyper som passar s\u00e5v\u00e4l \u00e4ldre m\u00e4nniskor som vill s\u00e4lja sina hus och flytta till mindre, som de som vill ha rum f\u00f6r familjeliv. Nya bost\u00e4der \u00e4r avg\u00f6rande f\u00f6r att vi ska kunna \u00f6ka tillv\u00e4xten i kommunen och finansiera v\u00e4lf\u00e4rden. F\u00f6r inflyttarna v\u00e4ger l\u00e4gre bostadspriser i kombination med lugn och natur och bra kommunikationer tyngst, och h\u00e4r har Nyn\u00e4shamn en stor f\u00f6rdel som vi verkligen kan dra nytta av.<\/p><p class=\"p3\"><strong><i>P\u00e5 vilket s\u00e4tt bidrar utvecklingen av K\u00e4llberga till \u00d6smo?<br \/><\/i><\/strong>\u2013 Omr\u00e5dena kommer att komplettera varandra. Mitt intryck \u00e4r att \u00d6smoborna ser fram emot den h\u00e4r utvecklingen. Dessutom satsar vi ju \u00e4ven i \u00d6smo genom att planera f\u00f6r flera etapper d\u00e4r den f\u00f6rsta, som omfattar de centrala delarna, redan har varit ute p\u00e5 samr\u00e5d. Tanken \u00e4r att m\u00f6jligg\u00f6ra f\u00f6r cirka 700\u20131\u2009300 bost\u00e4der och anl\u00e4gga bebyggelse av sm\u00e5stadskarakt\u00e4r med inslag fr\u00e5n tr\u00e4dg\u00e5rdsstaden, samt torg, handel och service.<\/p>\t\t\t\t\t\t<\/div>\n\t\t\t\t<\/div>\n\t\t\t\t\t<\/div>\n\t\t<\/div>\n\t\t\t\t\t<\/div>\n\t\t<\/section>\n\t\t\t\t<section class=\"elementor-section elementor-top-section elementor-element elementor-element-17a76a6c elementor-section-boxed elementor-section-height-default elementor-section-height-default\" data-id=\"17a76a6c\" data-element_type=\"section\">\n\t\t\t\t\t\t<div class=\"elementor-container elementor-column-gap-no\">\n\t\t\t\t\t<div class=\"elementor-column elementor-col-100 elementor-top-column elementor-element elementor-element-40cdec7a\" data-id=\"40cdec7a\" data-element_type=\"column\">\n\t\t\t<div class=\"elementor-widget-wrap elementor-element-populated\">\n\t\t\t\t\t\t<div class=\"elementor-element elementor-element-49dba431 elementor-widget elementor-widget-image\" data-id=\"49dba431\" data-element_type=\"widget\" data-widget_type=\"image.default\">\n\t\t\t\t<div class=\"elementor-widget-container\">\n\t\t\t\t\t\t\t\t\t\t\t\t\t<img decoding=\"async\" width=\"2080\" height=\"1386\" src=\"https:\/\/nynashamnvaxer.nu\/wp-content\/uploads\/2024\/06\/nybyggande.webp\" class=\"attachment-full size-full wp-image-104\" alt=\"\" srcset=\"https:\/\/nynashamnvaxer.nu\/wp-content\/uploads\/2024\/06\/nybyggande.webp 2080w, https:\/\/nynashamnvaxer.nu\/wp-content\/uploads\/2024\/06\/nybyggande-300x200.webp 300w, https:\/\/nynashamnvaxer.nu\/wp-content\/uploads\/2024\/06\/nybyggande-1024x682.webp 1024w, https:\/\/nynashamnvaxer.nu\/wp-content\/uploads\/2024\/06\/nybyggande-768x512.webp 768w, https:\/\/nynashamnvaxer.nu\/wp-content\/uploads\/2024\/06\/nybyggande-1536x1024.webp 1536w, https:\/\/nynashamnvaxer.nu\/wp-content\/uploads\/2024\/06\/nybyggande-2048x1365.webp 2048w\" sizes=\"(max-width: 2080px) 100vw, 2080px\" \/>\t\t\t\t\t\t\t\t\t\t\t\t\t<\/div>\n\t\t\t\t<\/div>\n\t\t\t\t<div class=\"elementor-element elementor-element-5818a82a elementor-widget elementor-widget-text-editor\" data-id=\"5818a82a\" data-element_type=\"widget\" data-widget_type=\"text-editor.default\">\n\t\t\t\t<div class=\"elementor-widget-container\">\n\t\t\t\t\t\t\t<p>Vid Nyn\u00e4sg\u00e5rds station har Nyn\u00e4shamns bost\u00e4der byggt tre nya flerbostadshus med 95 hyresl\u00e4genheter, med inflyttning 2024.<\/p>\t\t\t\t\t\t<\/div>\n\t\t\t\t<\/div>\n\t\t\t\t\t<\/div>\n\t\t<\/div>\n\t\t\t\t\t<\/div>\n\t\t<\/section>\n\t\t\t\t<section class=\"elementor-section elementor-top-section elementor-element elementor-element-6c5bb36b elementor-section-boxed elementor-section-height-default elementor-section-height-default\" data-id=\"6c5bb36b\" data-element_type=\"section\">\n\t\t\t\t\t\t<div class=\"elementor-container elementor-column-gap-no\">\n\t\t\t\t\t<div class=\"elementor-column elementor-col-100 elementor-top-column elementor-element elementor-element-447fa9ee\" data-id=\"447fa9ee\" data-element_type=\"column\">\n\t\t\t<div class=\"elementor-widget-wrap elementor-element-populated\">\n\t\t\t\t\t\t<div class=\"elementor-element elementor-element-1370ddce elementor-widget elementor-widget-text-editor\" data-id=\"1370ddce\" data-element_type=\"widget\" data-widget_type=\"text-editor.default\">\n\t\t\t\t<div class=\"elementor-widget-container\">\n\t\t\t\t\t\t\t<p class=\"p1\"><i><strong>Det handlar mycket om t\u00e4torterna hur\u00a0ser utvecklingen ut p\u00e5 landsbygden?<\/strong><br \/><\/i><span style=\"color: var( --e-global-color-primary ); font-family: var( --e-global-typography-807ec1c-font-family ), Sans-serif; font-size: var( --e-global-typography-807ec1c-font-size ); font-weight: var( --e-global-typography-807ec1c-font-weight );\">\u2013 Vi jobbar nu med en ny \u00f6versiktsplan*. H\u00e4r lyfter vi landsbygdsperspektivet tydligare. Alla delar av kommunen beh\u00f6ver utvecklas utifr\u00e5n sina specifika f\u00f6ruts\u00e4ttningar och behov f\u00f6r att kunna bidra till kommunens samlade utveckling. En levande landsbygd och sk\u00e4rg\u00e5rd \u00e4r prioriterat.<\/span><\/p><p class=\"p1\"><i><strong>Hur jobbar ni f\u00f6r att f\u00e5 Nyn\u00e4shamns stadsk\u00e4rna mer levande?<\/strong><br \/><\/i><span style=\"color: var( --e-global-color-primary ); font-family: var( --e-global-typography-807ec1c-font-family ), Sans-serif; font-size: var( --e-global-typography-807ec1c-font-size ); font-weight: var( --e-global-typography-807ec1c-font-weight );\">\u2013 Staden har redan ett trevligt centrum med en massa fina butiker, kaf\u00e9er och restauranger, men problemet \u00e4r att m\u00e5nga bes\u00f6kare inte hittar dit. Vi beh\u00f6ver d\u00e4rf\u00f6r koppla ihop str\u00e4ckan mellan Alk\u00e4rrsplan och G\u00e4sthamnen b\u00e4ttre s\u00e5 att folk b\u00f6rjar promenera in den v\u00e4gen. Vi planerar nu f\u00f6r ett platsutvecklings\u00adprojekt i G\u00e4sthamnen som ska hj\u00e4lpa till att lotsa in bes\u00f6kare till centrum.<\/span><\/p><p class=\"p1\"><i><strong>Vad kommer att h\u00e4nda med det\u00a0gamla sjukhuset mitt i stan?<\/strong><br \/><\/i><span style=\"color: var( --e-global-color-primary ); font-family: var( --e-global-typography-807ec1c-font-family ), Sans-serif; font-size: var( --e-global-typography-807ec1c-font-size ); font-weight: var( --e-global-typography-807ec1c-font-weight );\">\u2013 Campus Nyn\u00e4shamn och resurs\u00adskolan kommer att flytta ut till gymnasieomr\u00e5det och intill fastigheten planerar \u00e4garna att skapa b\u00e5de bost\u00e4der och verksamhetslokaler. Det h\u00e4r \u00e4r v\u00e4lkommet, f\u00f6r att f\u00e5 till ett levande centrum beh\u00f6vs det fler m\u00e4nniskor som r\u00f6r sig h\u00e4r under s\u00e5v\u00e4l dagtid som kv\u00e4llstid.<\/span><\/p><p class=\"p4\"><i>* Fram till 1 oktober 2024 \u00e4r \u00f6versikts\u00adplanen ute p\u00e5 granskning. En \u00f6versiktsplan visar hur kommunens mark- och vattenanv\u00e4ndning ska utvecklas p\u00e5 l\u00e5ng sikt. Under granskningen kan alla kommun\u00adinv\u00e5nare, f\u00f6reningar och andra intressenter l\u00e4mna sina synpunkter. N\u00e4r granskningen \u00e4r avslutad ska \u00f6versiktsplanen beslutas av kommunfullm\u00e4ktige.<\/i><\/p>\t\t\t\t\t\t<\/div>\n\t\t\t\t<\/div>\n\t\t\t\t<div class=\"elementor-element elementor-element-59040290 elementor-widget elementor-widget-text-editor\" data-id=\"59040290\" data-element_type=\"widget\" data-widget_type=\"text-editor.default\">\n\t\t\t\t<div class=\"elementor-widget-container\">\n\t\t\t\t\t\t\t<p>Text: Magnus Nilsson<\/p>\t\t\t\t\t\t<\/div>\n\t\t\t\t<\/div>\n\t\t\t\t\t<\/div>\n\t\t<\/div>\n\t\t\t\t\t<\/div>\n\t\t<\/section>\n\t\t\t\t<section class=\"elementor-section elementor-top-section elementor-element elementor-element-7f5cce92 elementor-section-boxed elementor-section-height-default elementor-section-height-default\" data-id=\"7f5cce92\" data-element_type=\"section\">\n\t\t\t\t\t\t<div class=\"elementor-container elementor-column-gap-no\">\n\t\t\t\t\t<div class=\"elementor-column elementor-col-100 elementor-top-column elementor-element elementor-element-2934bc8b\" data-id=\"2934bc8b\" data-element_type=\"column\">\n\t\t\t<div class=\"elementor-widget-wrap elementor-element-populated\">\n\t\t\t\t\t\t<div class=\"elementor-element elementor-element-53c1b7be elementor-share-buttons--view-icon elementor-share-buttons--skin-minimal elementor-share-buttons--shape-circle elementor-share-buttons--align-center elementor-share-buttons--color-custom elementor-grid-0 elementor-widget elementor-widget-share-buttons\" data-id=\"53c1b7be\" data-element_type=\"widget\" data-widget_type=\"share-buttons.default\">\n\t\t\t\t<div class=\"elementor-widget-container\">\n\t\t\t\t\t<div class=\"elementor-grid\">\n\t\t\t\t\t\t\t\t<div class=\"elementor-grid-item\">\n\t\t\t\t\t\t<div\n\t\t\t\t\t\t\tclass=\"elementor-share-btn elementor-share-btn_email\"\n\t\t\t\t\t\t\trole=\"button\"\n\t\t\t\t\t\t\ttabindex=\"0\"\n\t\t\t\t\t\t\taria-label=\"Dela p\u00e5 email\"\n\t\t\t\t\t\t>\n\t\t\t\t\t\t\t\t\t\t\t\t\t\t\t<span class=\"elementor-share-btn__icon\">\n\t\t\t\t\t\t\t\t<svg class=\"e-font-icon-svg e-fas-envelope\" viewBox=\"0 0 512 512\" xmlns=\"http:\/\/www.w3.org\/2000\/svg\"><path d=\"M502.3 190.8c3.9-3.1 9.7-.2 9.7 4.7V400c0 26.5-21.5 48-48 48H48c-26.5 0-48-21.5-48-48V195.6c0-5 5.7-7.8 9.7-4.7 22.4 17.4 52.1 39.5 154.1 113.6 21.1 15.4 56.7 47.8 92.2 47.6 35.7.3 72-32.8 92.3-47.6 102-74.1 131.6-96.3 154-113.7zM256 320c23.2.4 56.6-29.2 73.4-41.4 132.7-96.3 142.8-104.7 173.4-128.7 5.8-4.5 9.2-11.5 9.2-18.9v-19c0-26.5-21.5-48-48-48H48C21.5 64 0 85.5 0 112v19c0 7.4 3.4 14.3 9.2 18.9 30.6 23.9 40.7 32.4 173.4 128.7 16.8 12.2 50.2 41.8 73.4 41.4z\"><\/path><\/svg>\t\t\t\t\t\t\t<\/span>\n\t\t\t\t\t\t\t\t\t\t\t\t\t\t\t\t\t\t\t\t<\/div>\n\t\t\t\t\t<\/div>\n\t\t\t\t\t\t\t\t\t<div class=\"elementor-grid-item\">\n\t\t\t\t\t\t<div\n\t\t\t\t\t\t\tclass=\"elementor-share-btn elementor-share-btn_facebook\"\n\t\t\t\t\t\t\trole=\"button\"\n\t\t\t\t\t\t\ttabindex=\"0\"\n\t\t\t\t\t\t\taria-label=\"Dela p\u00e5 facebook\"\n\t\t\t\t\t\t>\n\t\t\t\t\t\t\t\t\t\t\t\t\t\t\t<span class=\"elementor-share-btn__icon\">\n\t\t\t\t\t\t\t\t<svg class=\"e-font-icon-svg e-fab-facebook\" viewBox=\"0 0 512 512\" xmlns=\"http:\/\/www.w3.org\/2000\/svg\"><path d=\"M504 256C504 119 393 8 256 8S8 119 8 256c0 123.78 90.69 226.38 209.25 245V327.69h-63V256h63v-54.64c0-62.15 37-96.48 93.67-96.48 27.14 0 55.52 4.84 55.52 4.84v61h-31.28c-30.8 0-40.41 19.12-40.41 38.73V256h68.78l-11 71.69h-57.78V501C413.31 482.38 504 379.78 504 256z\"><\/path><\/svg>\t\t\t\t\t\t\t<\/span>\n\t\t\t\t\t\t\t\t\t\t\t\t\t\t\t\t\t\t\t\t<\/div>\n\t\t\t\t\t<\/div>\n\t\t\t\t\t\t\t\t\t<div class=\"elementor-grid-item\">\n\t\t\t\t\t\t<div\n\t\t\t\t\t\t\tclass=\"elementor-share-btn elementor-share-btn_x-twitter\"\n\t\t\t\t\t\t\trole=\"button\"\n\t\t\t\t\t\t\ttabindex=\"0\"\n\t\t\t\t\t\t\taria-label=\"Dela p\u00e5 x-twitter\"\n\t\t\t\t\t\t>\n\t\t\t\t\t\t\t\t\t\t\t\t\t\t\t<span class=\"elementor-share-btn__icon\">\n\t\t\t\t\t\t\t\t<svg class=\"e-font-icon-svg e-fab-x-twitter\" viewBox=\"0 0 512 512\" xmlns=\"http:\/\/www.w3.org\/2000\/svg\"><path d=\"M389.2 48h70.6L305.6 224.2 487 464H345L233.7 318.6 106.5 464H35.8L200.7 275.5 26.8 48H172.4L272.9 180.9 389.2 48zM364.4 421.8h39.1L151.1 88h-42L364.4 421.8z\"><\/path><\/svg>\t\t\t\t\t\t\t<\/span>\n\t\t\t\t\t\t\t\t\t\t\t\t\t\t\t\t\t\t\t\t<\/div>\n\t\t\t\t\t<\/div>\n\t\t\t\t\t\t\t\t\t<div class=\"elementor-grid-item\">\n\t\t\t\t\t\t<div\n\t\t\t\t\t\t\tclass=\"elementor-share-btn elementor-share-btn_linkedin\"\n\t\t\t\t\t\t\trole=\"button\"\n\t\t\t\t\t\t\ttabindex=\"0\"\n\t\t\t\t\t\t\taria-label=\"Dela p\u00e5 linkedin\"\n\t\t\t\t\t\t>\n\t\t\t\t\t\t\t\t\t\t\t\t\t\t\t<span class=\"elementor-share-btn__icon\">\n\t\t\t\t\t\t\t\t<svg class=\"e-font-icon-svg e-fab-linkedin\" viewBox=\"0 0 448 512\" xmlns=\"http:\/\/www.w3.org\/2000\/svg\"><path d=\"M416 32H31.9C14.3 32 0 46.5 0 64.3v383.4C0 465.5 14.3 480 31.9 480H416c17.6 0 32-14.5 32-32.3V64.3c0-17.8-14.4-32.3-32-32.3zM135.4 416H69V202.2h66.5V416zm-33.2-243c-21.3 0-38.5-17.3-38.5-38.5S80.9 96 102.2 96c21.2 0 38.5 17.3 38.5 38.5 0 21.3-17.2 38.5-38.5 38.5zm282.1 243h-66.4V312c0-24.8-.5-56.7-34.5-56.7-34.6 0-39.9 27-39.9 54.9V416h-66.4V202.2h63.7v29.2h.9c8.9-16.8 30.6-34.5 62.9-34.5 67.2 0 79.7 44.3 79.7 101.9V416z\"><\/path><\/svg>\t\t\t\t\t\t\t<\/span>\n\t\t\t\t\t\t\t\t\t\t\t\t\t\t\t\t\t\t\t\t<\/div>\n\t\t\t\t\t<\/div>\n\t\t\t\t\t\t<\/div>\n\t\t\t\t<\/div>\n\t\t\t\t<\/div>\n\t\t\t\t\t<\/div>\n\t\t<\/div>\n\t\t\t\t\t<\/div>\n\t\t<\/section>\n\t\t\t\t<\/div>\n\t\t","protected":false},"excerpt":{"rendered":"<p>\u2013 Nya bost\u00e4der \u00e4r avg\u00f6rande f\u00f6r att vi ska kunna \u00f6ka tillv\u00e4xten i kommunen och finansiera v\u00e4lf\u00e4rden, s\u00e4ger Jenny Linn\u00e9, f\u00f6rvaltningschef Samh\u00e4llsbyggnad. H\u00f6g aktivitet p\u00e5 bostadsbyggande och stadsutveckling i kommunen Trots tuffa tider inom bygg\u00adbranschen h\u00e4nder det mycket inom bebyggelse och utveckling i Nyn\u00e4shamns kommun. Vi fr\u00e5gade Jenny Linn\u00e9, f\u00f6rvaltningschef Samh\u00e4llsbyggnad i Nyn\u00e4shamns kommun om [&hellip;]<\/p>\n","protected":false},"author":2,"featured_media":92,"parent":0,"menu_order":0,"comment_status":"closed","ping_status":"closed","template":"elementor_theme","meta":{"footnotes":""},"class_list":["post-234","page","type-page","status-publish","has-post-thumbnail","hentry"],"_links":{"self":[{"href":"https:\/\/nynashamnvaxer.nu\/index.php\/wp-json\/wp\/v2\/pages\/234","targetHints":{"allow":["GET"]}}],"collection":[{"href":"https:\/\/nynashamnvaxer.nu\/index.php\/wp-json\/wp\/v2\/pages"}],"about":[{"href":"https:\/\/nynashamnvaxer.nu\/index.php\/wp-json\/wp\/v2\/types\/page"}],"author":[{"embeddable":true,"href":"https:\/\/nynashamnvaxer.nu\/index.php\/wp-json\/wp\/v2\/users\/2"}],"replies":[{"embeddable":true,"href":"https:\/\/nynashamnvaxer.nu\/index.php\/wp-json\/wp\/v2\/comments?post=234"}],"version-history":[{"count":4,"href":"https:\/\/nynashamnvaxer.nu\/index.php\/wp-json\/wp\/v2\/pages\/234\/revisions"}],"predecessor-version":[{"id":239,"href":"https:\/\/nynashamnvaxer.nu\/index.php\/wp-json\/wp\/v2\/pages\/234\/revisions\/239"}],"wp:featuredmedia":[{"embeddable":true,"href":"https:\/\/nynashamnvaxer.nu\/index.php\/wp-json\/wp\/v2\/media\/92"}],"wp:attachment":[{"href":"https:\/\/nynashamnvaxer.nu\/index.php\/wp-json\/wp\/v2\/media?parent=234"}],"curies":[{"name":"wp","href":"https:\/\/api.w.org\/{rel}","templated":true}]}}